i) be the third derivative of i**5/60 - i**4/6 - i**3/2 - 4*i**2. What is j(z)?
-3
Let s(q) = 2*q**3 + q**2 + 6*q + 9. Let k(t) = -t**3 - 3*t - 5. Let g(a) = -5*k(a) - 3*s(a). Suppose -5*j + 1 - 11 = 0. Calculate g(j).
0
Let j(s) = 3*s + 17. Let d(t) = -t - 6. Let g(h) = 17*d(h) + 6*j(h). What is g(3)?
3
Suppose 0 = 4*v + 2*r - 34, -r - 2 - 2 = -v. Suppose 0 = -c + 2*c - v. Let q = 7 - c. Let o(j) = -j + 6. What is o(q)?
6
Let y(f) be the first derivative of f**3/3 + 5*f**2 - 7*f + 29. What is y(-11)?
4
Let u be (2 - 8/3)*9. Let s be u/(-5)*20/8. Let j = -1 - s. Let w(y) = -y**2 - 2*y + 5. Determine w(j).
-3
Let k(q) = 2*q**2 + 8*q - 15. Let c(u) = -3*u**2 - 16*u + 29. Let g(a) = 3*c(a) + 5*k(a). Give g(8).
12
Let f = -1 - -1. Let w(x) = -3*x + 6. Let l(s) = 4*s + 2*s - 5 + s - 7. Let y(v) = 2*l(v) + 5*w(v). What is y(f)?
6
Let p(y) = -y**3 + 10*y**2 - 7*y - 12. Let j be p(9). Let v(d) = j - 4*d + 3*d + 0*d - 1. Let h(m) = -m**2 - 5*m + 6. Let q be h(-6). What is v(q)?
5
Let v(h) = -2*h + 2. Let b(r) = r - 1. Let q(f) = b(f) + v(f). Calculate q(0).
1
Let d(z) = z. Let c(i) = 2*i + 10. Let n(q) = -c(q) + 4*d(q). Calculate n(8).
6
Let c be ((-4)/(-10))/((-7)/(-140)). Suppose -5*v = -v - c. Let l(k) = 3 + 0 + k**v - 2. Determine l(2).
5
Let n(l) be the first derivative of -l**4/8 + l**3 - 9*l**2/2 + 6. Let y(b) be the second derivative of n(b). What is y(5)?
-9
Let n(q) = 8*q**3 - q**2 + 2*q - 1. Let b = 21 + -20. Calculate n(b).
8
Let f(v) be the second derivative of 1/3*v**3 + 9*v - 1/6*v**4 - 1/20*v**5 + v**2 + 0. Determine f(-2).
-2
Let u(r) = 3*r**2 + 2*r + 2. Suppose -2*i = -k - k - 10, 5*k - i = -25. Let h(z) = -4*z**2 - 3*z - 2. Let t(b) = k*u(b) - 4*h(b). Determine t(-3).
1
Let m(b) = 2*b - 8. Suppose -13 = -3*r - 5*z, z = 4*z + 3. Give m(r).
4
Let t(l) be the first derivative of l**5/60 + l**4/8 - 5*l**3/6 - 2*l**2 + 2. Let c(p) be the second derivative of t(p). What is c(-5)?
5
Let p(o) = 20*o**2 - 21*o**2 + 4*o - 1 - 4. Give p(4).
-5
Let d(g) = g - 1. Let p be d(-5). Let o(y) = 4*y - 6 - 5*y**2 + y**2 + 6*y**2 - y**2. Determine o(p).
6
Let b(t) = -t**3 - t - 6. Suppose 0 = -4*y - y. Determine b(y).
-6
Let l(r) be the first derivative of r**3/3 - 3*r**2 - r + 19. Give l(5).
-6
Let n(v) = v**3 - 6*v**2 + 2*v + 1. Let f(h) = h**3 - 5*h**2 + 3*h - 10. Let m be f(5). Determine n(m).
-14
Let p(d) = -d**3 + 3*d**2 + 8*d - 3. Suppose 5*o - o - 20 = 0. Determine p(o).
-13
Let r(t) = 7*t**2 + 9*t**2 + 16 - 4*t**2 + 5*t + 8*t + t**3. Give r(-11).
-6
Let p(r) = -3 + 6*r + 0*r**2 - 2*r - r**2. Let g be 4 - 7/((-28)/(-16)). Suppose 3*o - 2*o - 2 = g. Determine p(o).
1
Let f(n) = n**2 - n. Let t be 2*4/16 + 2/(-4). Determine f(t).
0
Suppose l + 3*i + 11 + 11 = 0, -4 = -3*l + 5*i. Let s = l + 7. Let f(k) = 2*k**2 + 0*k**2 - k**2 - 5. Determine f(s).
-5
Let u(i) be the third derivative of i**4/4 + i**3/3 + 14*i**2. What is u(2)?
14
Let k(d) be the second derivative of d**5/30 + d**4/24 - 2*d**3/3 - d. Let s(m) be the second derivative of k(m). What is s(-1)?
-3
Let q be (-52)/(-14) - (-14)/49. Suppose -7*b + 3*b + 12 = 0. Let c(m) = 4*m + 3*m**3 - 3*m - 4*m**b + 4*m**2 + 5. Determine c(q).
9
Let a(z) = -8*z. Let d be a(-2). Suppose 2*n = -8, -n - d = 2*j - 0. Let p(t) be the first derivative of -t**3/3 - 3*t**2 + 3*t - 3. Calculate p(j).
3
Let k be (-2)/(-4 + (2 + -4 - -3)). Let i(v) be the first derivative of -k*v**3 + v + 1/2*v**2 + 2. Calculate i(-1).
-2
Let q(y) = -y**2 + 4*y - 2. Let w = 10 - 8. Calculate q(w).
2
Suppose 0 = 2*g - h + 2, -4*g + 13 = -7*g + 4*h. Let u(x) = -7*x. Give u(g).
-7
Let j(c) be the second derivative of 0*c**3 - 1/20*c**5 + 0*c**2 + 5*c - 1/12*c**4 + 0. Suppose 2*g - g + 3*i + 7 = 0, -2 = 4*g - i. Calculate j(g).
0
Let a = 5 - 8. Let m(o) = o**3 - 4*o**2 - 6*o - 10. Let j(b) = -b**3 + 3*b**2 + 5*b + 9. Let h(p) = 7*j(p) + 6*m(p). What is h(a)?
6
Let m(r) = -3*r - 2. Let q be ((-2)/4)/((-13)/(-78)). Give m(q).
7
Let v be (-2)/8 - 119/56*-2. Let u(n) = -4*n + 6. Determine u(v).
-10
Let h(r) = 4*r - 1 - 2*r + 4. Let b be 14/21 + 13/3. Calculate h(b).
13
Let y(n) = -7 - 9*n**2 + 4 + 10*n**2. Calculate y(-3).
6
Let d(k) = 2*k**2 + 7*k - 1. Let o(c) = -5*c**2 - 22*c + 3. Let g(w) = 8*d(w) + 3*o(w). Determine g(7).
-20
Let r(a) = -5*a - 5. Let i(u) = 3*u + 3. Let j(l) = -8*i(l) - 5*r(l). What is j(-2)?
-1
Let i(o) be the third derivative of -o**8/6720 + o**7/420 - o**6/720 + o**5/60 - o**4/8 + o**2. Let t(y) be the second derivative of i(y). Give t(6).
-4
Suppose 2*o = 5*g - 31, 3*g - o - 11 = 7. Let b(p) = p**2 + 0*p**2 - g*p + 1 - 2*p + 0*p**2. Calculate b(5).
-9
Let t(j) be the third derivative of -j**8/6720 - j**7/630 - j**6/240 + j**5/30 - j**4/12 + 3*j**2. Let o(m) be the second derivative of t(m). Calculate o(-3).
4
Let d = -2 + 4. Let p(u) = -u + 2 + 3 - u**d + u**3 + 0*u**2. Suppose 0 = -3*f + 5*f. Determine p(f).
5
Let l(i) = 1 + 8*i - 16*i + 9*i. Let g = -4 + 2. Give l(g).
-1
Let n = -6 - -5. Let w(f) = 8*f**3 + 2*f**2 - 1. Calculate w(n).
-7
Let j(o) = o**2 - 12*o + 11. Let v be j(11). Let u(k) = -k + 4 + k + k. Give u(v).
4
Let t(z) be the first derivative of -3/2*z**2 + 0*z - 1/3*z**3 - 2. Let o = -5 - -2. Give t(o).
0
Suppose 0 = 5*i + 15, -21 = 5*g - i - 2*i. Let z = g - -11. Suppose l + 15 = -f + z*f, 0 = 2*l + 2*f - 20. Let u(b) = -b**3 + 6*b**2 - 4*b - 7. Calculate u(l).
-2
Let o(u) be the second derivative of u**6/720 + u**5/12 + 5*u**4/12 + 3*u. Let w(z) be the third derivative of o(z). Determine w(-6).
4
Let q(n) = n**3 - 1. Let h(l) = -6*l**3 + 4*l**2 + 7*l + 2. Let o be (3/2)/((-6)/(-20)). Let c(s) = o*q(s) + h(s). Calculate c(5).
7
Let y be 0 - (-1)/1*1. Let b(l) be the third derivative of -3*l**5/40 + l**4/24 - l**3/3 + 3*l**2. Let w(d) be the first derivative of b(d). What is w(y)?
-8
Let c(b) be the first derivative of b**2/2 + b + 1. Suppose 2*n = -4*q - 2, -2*n + q + 2 = 4. Calculate c(n).
0
Suppose 4*p + h - 8 = 0, 4*h + 4 = 2*p - 0*p. Let n(s) = -3*s**2 - 2*s**2 + p + s**3 - 4*s + 3*s**2 + s**2. What is n(3)?
8
Suppose -4*f - 2*l = l + 24, -5*f + 1 = -4*l. Let o(u) = 2*u - 3. Calculate o(f).
-9
Suppose 0 = 2*j + t + 3, -4*j + 2*t + 2*t - 36 = 0. Let i = -1 - j. Let l(c) = i*c - c**2 - 6 + 0*c**2 + 3*c. Determine l(5).
-1
Let t(c) = -c**3 + 3*c**2 + 5*c - 1. Let v(p) = p - 1. Suppose -3*w + 2 = 5. Let f be v(w). Let g = 2 - f. Give t(g).
3
Let d(n) = -n - 4*n + 3 + n. Suppose -5*o - 3*a = -25, o + 4*a = -4*o + 30. What is d(o)?
-5
Let c(z) = -5*z - 1. Suppose 2*j - 5*a = 9 + 25, 3*j - a = 25. Let s be (-5)/j + 6/(-21). Calculate c(s).
4
Let h = -2 + 0. Let s be 1/2*2*h. Let y(c) = c**2 - 2*c. What is y(s)?
8
Let c be (51/12 + -4)*0. Let d be 0*(-2)/6 - c. Let s(h) be the second derivative of -h**5/20 + h**4/12 - h**3/6 - 7*h**2/2 + h. Give s(d).
-7
Let h(a) = -2*a**3 + 4*a**2 - 4*a + 2. Let c be h(2). Let n(u) = u + 136 + 3*u - 2*u - 133. What is n(c)?
-9
Suppose 4*h - 2 - 6 = 0. Let z(y) = 3*y**2 - 4 - 8*y - h*y**2 + 5*y. What is z(5)?
6
Let b(c) = -c**2 - 5*c - 2. Let x be 6/(-51) - (-83)/(-17). Determine b(x).
-2
Let f(z) = z**3 + 5*z**2 + 4*z + 5. Suppose -4*n - 3*r = -0 + 1, 8 = -4*n + 4*r. Let g be ((-2)/(-1) + 2)/n. What is f(g)?
5
Let k(f) = 4*f**2 - 3*f. Suppose 2*z = 5*z - 9. Let b(c) = c**2 + 0*c**2 + 2*c - z*c + 0*c. Let m(u) = -5*b(u) + k(u). Calculate m(2).
0
Let u be (18/6)/((-6)/(-38)). Let l(v) = -v + 25. Let f be l(u). Let o(m) = m**2 - 6*m + 5. What is o(f)?
5
Let p(q) = q**3 - 3*q**2 - 4*q - 5. Let n(v) = 18*v - 14. Let b be n(1). Determine p(b).
-5
Let u(g) = -g. Let w be (-2)/6 + 128/6. Suppose -r + w = 2*r. Suppose 3*d - r*d = 4. What is u(d)?
1
Let m = 4 + -2. Let n(h) be the second derivative of 0 - 2/3*h**3 + 3/2*h**2 + h + 1/4*h**4. Give n(m).
7
Let s(z) be the second derivative of -z**3/6 + z**2 + 6*z. Determine s(5).
-3
Let z(b) = -2*b - 12. Let f be z(-8). Let x(s) = -s - 10. Let r(o) = -1 + 4 - 4. Let v(m) = f*r(m) - x(m). Determine v(0).
6
Let z(r) = 1 + r + r - 5*r - 6. Give z(-4).
7
Let l(g) be the second derivative of 0 - 1/2*g**3 - 2*g - 3/2*g**2. Let v(x) = -x**2 + 7*x - 8. Let n be v(6). Give l(n).
3
Let q(n) be the third derivative of 2*n**2 + 0*n + 0 - 1/4*n**4 + 1/60*n**5 + 0*n**3. Let l(g) = -g**2 - 10*g - 4. Let x be l(-9). What is q(x)?
-5
Let g(i) b